{"id":1686,"date":"2024-11-04T12:28:21","date_gmt":"2024-11-04T10:28:21","guid":{"rendered":"https:\/\/www.davas.site\/rukako\/?page_id=1686"},"modified":"2025-03-04T11:00:29","modified_gmt":"2025-03-04T09:00:29","slug":"varausehdot","status":"publish","type":"page","link":"https:\/\/www.davas.site\/rukako\/varausehdot\/","title":{"rendered":"Varausehdot\u00a0"},"content":{"rendered":"\n<p>RUKAKO KESKUSVARAAMON PALVELUJA KOSKEVAT VARAUSEHDOT<\/p>\n\n\n\n<p>N\u00e4m\u00e4 varausehdot tulevat kumpaakin osapuolta sitoviksi, kun asiakas on tehnyt varauksen.<\/p>\n\n\n\n<h2 class=\"wp-block-heading\">**VARAAMINEN JA MAKSUEHDOT**<\/h2>\n\n\n\n<p>Varaajan tulee olla 18-vuotta t\u00e4ytt\u00e4nyt ja t\u00e4ysi-valtainen vastuuhenkil\u00f6\/-majoittuja.<\/p>\n\n\n\n<p>Ilman huoltajaa majoittuvilta alaik\u00e4isilt\u00e4 vaaditaan huoltajan kirjallinen sitoumus, joka toimitetaan palveluntarjoajalle v\u00e4hint\u00e4\u00e4n 14 p\u00e4iv\u00e4\u00e4 ennen majoituksen alkua.<\/p>\n\n\n\n<p>Tehty\u00e4\u00e4n varauksen asiakkaan tulee maksaa ennakkolasku jos varauksen alkuun on enemm\u00e4n kuin 30 pv. Ennakkomaksu on 30% palvelun kokonaishinnasta. Ennakkomaksun yhteydess\u00e4 perit\u00e4\u00e4n puhelimitse tehdyist\u00e4 varauksista 19 eur \u20ac suuruinen toimistomaksu. On-line varauksista perit\u00e4\u00e4n 16 eur suuruinen toimistomaksu.<\/p>\n\n\n\n<ul class=\"wp-block-list\">\n<li>Booking.Com varauksista l\u00e4hetet\u00e4\u00e4n yksi lasku ja er\u00e4p\u00e4iv\u00e4 on 21 p\u00e4iv\u00e4\u00e4 ennen varauksen alkua.<\/li>\n<\/ul>\n\n\n\n<ul class=\"wp-block-list\">\n<li>Mik\u00e4li varaus tehd\u00e4\u00e4n my\u00f6hemmin kuin 30 p\u00e4iv\u00e4\u00e4 ennen toteutumisajankohtaa, ennakkomaksua ei perit\u00e4 erikseen, vaan palvelun kokonaissumma sek\u00e4 toimistomaksu tulee maksaa v\u00e4litt\u00f6m\u00e4sti annettuja ohjeita noudattaen.<\/li>\n<\/ul>\n\n\n\n<p>Asiakas saa laskun yhteydess\u00e4 ohjeistuksen, jossa on ohjeet avaimen hakuun. Online-varauksissa ohjeistus tulee asiakkaan antamaan s\u00e4hk\u00f6postiin, asiakas saa ajo-ohje kartan asunnolle avainta hakiessaan. Palveluntarjoaja ei l\u00e4het\u00e4 Online-varauksista erikseen postia tai vahvistusta (tiedot tulevat s\u00e4hk\u00f6postiin varauksen yhteydess\u00e4). My\u00f6h\u00e4isest\u00e4 saapumisesta on hyv\u00e4 ilmoittaa toimistolle etuk\u00e4teen.<\/p>\n\n\n\n<p>Asiakkaan on varauduttava esitt\u00e4m\u00e4\u00e4n kuitti maksusuorituksesta avainta noudattaessa.<\/p>\n\n\n\n<h2 class=\"wp-block-heading\">**PERUUTUS**<\/h2>\n\n\n\n<p>Maksamatta j\u00e4tt\u00e4minen ei ole peruutus, vaan varauksen peruutus on teht\u00e4v\u00e4 suoraan palveluntarjoajalle.<\/p>\n\n\n\n<p>Mik\u00e4li asiakas joutuu perumaan varauksensa, tulee h\u00e4nen ilmoittaa peruutuksensa v\u00e4litt\u00f6m\u00e4sti palveluntarjoajalle.<\/p>\n\n\n\n<p>Peruutus tulee aina tehd\u00e4 kirjallisesti tai muutoin olosuhteet huomioiden tarkoituksenmukaisella tavalla palveluntarjoajan ilmoittamaan osoitteeseen.<\/p>\n\n\n\n<p>Mik\u00e4li varaus peruutetaan ennen majoituksen alkamista, mutta varauksen teon j\u00e4lkeen sattuneen \u00e4killisen sairauden, tapaturman tai kuolemantapauksen johdosta, joka on sattunut asiakkaalle tai h\u00e4nen l\u00e4hiomaiselleen, on asiakkaalla oikeus saada palvelusta maksettu hinta takaisin v\u00e4hennettyn\u00e4 peruutuskulut 40 eur. Kyseisiss\u00e4 tapauksissa korvausta maksetusta palvelusta voi hakea mahdollisen matkavakuutuksen kautta.<\/p>\n\n\n\n<ul class=\"wp-block-list\">\n<li>Tapahtumasta on ilmoitettava palveluntarjoajalle v\u00e4litt\u00f6m\u00e4sti ja esitett\u00e4v\u00e4 hyv\u00e4ksytt\u00e4v\u00e4 selvitys (esim. l\u00e4\u00e4k\u00e4rintodistus).\n<ul class=\"wp-block-list\">\n<li>Mik\u00e4li peruutus tapahtuu majoituskohteen vuokrauksen jo alettua, ei majoituksen kokonaishintaa palauteta. Kyseisiss\u00e4 tapauksissa korvausta maksetusta palvelusta voi hakea mahdollisen matkavakuutuksen kautta.<\/li>\n<\/ul>\n<\/li>\n<\/ul>\n\n\n\n<p>Mik\u00e4li asiakas muuttaa kohdetta, palvelua tai ajankohtaa, pidet\u00e4\u00e4n sit\u00e4 aikaisemman varauksen peruutuksena ja uutena varauksena. Myyj\u00e4ll\u00e4 on aina oikeus peri\u00e4 muutoksista v\u00e4hint\u00e4\u00e4n 40\u20ac lis\u00e4maksu per varaus.<\/p>\n\n\n\n<h2 class=\"wp-block-heading\">**MYYJ\u00c4N OIKEUS PERUUTTAA VARAUS**<\/h2>\n\n\n\n<p>Jos kyseess\u00e4 on ylivoimainen este (force majeure), voi palveluntarjoaja irtisanoa varauksen. Palveluntarjoajan on t\u00e4ll\u00f6in viipym\u00e4tt\u00e4 ilmoitettava peruutuksesta asiakkaalle. Asiakkaalla on t\u00e4ll\u00f6in oikeus saada takaisin maksamansa palvelun kokonaishinta. Force majeure-esteen takia asiakkaalle mahdollisesti syntyneit\u00e4 kuluja ei korvata.<\/p>\n\n\n\n<p>Palveluntarjoajalla on oikeus perua varaus, mik\u00e4li maksusuoritusta ei ole maksettu er\u00e4p\u00e4iv\u00e4\u00e4n menness\u00e4.<\/p>\n\n\n\n<h2 class=\"wp-block-heading\">**MAJOITUSKOHTEEN AVAINTEN LUOVUTUS**<\/h2>\n\n\n\n<p>Lomakohteen avaimet luovutetaan asiakkaalle saapumisp\u00e4iv\u00e4n\u00e4 klo 16 menness\u00e4. Avaimista ja muista tiedoista ilmoitetaan asiakkaan antamaan mobiilinumeroon ja viestit l\u00e4htet\u00e4\u00e4n tekstiviestill\u00e4.<\/p>\n\n\n\n<p>Mik\u00e4li kohteen avain katoaa, palveluntarjoajalla on oikeus peri\u00e4 siit\u00e4 aiheutuvat kulut.<\/p>\n\n\n\n<h2 class=\"wp-block-heading\">**OLESKELU LOMAKOHTEESSA**<\/h2>\n\n\n\n<p>Lomakohde on asiakkaan k\u00e4ytett\u00e4viss\u00e4 tulop\u00e4iv\u00e4st\u00e4 klo 16.00 ja l\u00e4ht\u00f6p\u00e4iv\u00e4\u00e4n klo 12.00 saakka.<\/p>\n\n\n\n<p>Lomakohteen vuokraan kuuluu asunnon vapaa k\u00e4ytt\u00f6oikeus.<\/p>\n\n\n\n<p>Lomakohteeseen sis\u00e4ltyv\u00e4t kalusteet, astiat ja petivaatteet (peitot ja tyynyt) sek\u00e4 energia l\u00e4mmitykseen, valoon ja ruoanlaittoon. Takkapuut kohteisiin jossa takka k\u00e4ytett\u00e4viss\u00e4.<\/p>\n\n\n\n<p>Lomakohteen varustukseen ei kuulu liinavaatteita. Asiakas voi vuokrata liinavaatesetin (sis. lakana, pussilakana, tyynynp\u00e4\u00e4llinen ja kylpypyyhe) palveluntarjoajalta varauksen yhteydess\u00e4 hinta: toimitettuna<\/p>\n\n\n\n<p>19.50 \u20ac\/hl\u00f6 tai pedattuna 29 \u20ac\/hl\u00f6 tai tuoda mukanaan omat liinavaatteet. Lis\u00e4tilauksesta varattavissa sy\u00f6tt\u00f6tuoli 15 eur, matkas\u00e4nky 25 eur ( ei sis. peti tai liinavaatteet)<\/p>\n\n\n\n<p>Jos asiakas ei ole k\u00e4ytt\u00e4nyt liinavaatteita, l\u00e4hetet\u00e4\u00e4n varaajalle j\u00e4lkilasku vuodevaatteiden sek\u00e4 petauspatjojen pesusta todellisten kulujen mukaan, minimiveloitus 80 \u20ac.<\/p>\n\n\n\n<p>Asiakas vastaa lomakohteen siivouksesta vuokra-aikana ja on velvollinen siivoamaan sen l\u00e4htiess\u00e4\u00e4n. Siivousohjeet l\u00f6ytyv\u00e4t lomakohteessa olevasta huoneistokansiosta.<\/p>\n\n\n\n<p>Varauksen yhteydess\u00e4 asiakas voi tilata loppusiivouksen hintaan ALK. 69 \u2013 200 eur\/ lomakohde. Vaikka loppusiivous olisikin tilattu, edellytet\u00e4\u00e4n kohteen olevan normaalin asumisen j\u00e4ljilt\u00e4.<\/p>\n\n\n\n<h4 class=\"wp-block-heading\">Huomioithan, ett\u00e4 loppusiivoukseen ei sis\u00e4lly astioiden tiskaus \u2013 eli astiat tiskattuna ja roskien vienti. Lis\u00e4ksi asiakkaan on viet\u00e4v\u00e4 tyhj\u00e4t pullot ja t\u00f6lkit pois ja laitettava huonekalut paikoilleen. Ruokatarvikkeet on viet\u00e4v\u00e4 pois tai ne on viet\u00e4v\u00e4 j\u00e4tepisteeseen &#8211;<\/h4>\n\n\n\n<p>Siivoamattomasta tai puutteellisesti siivotusta lomakohteesta on palveluntarjoajalla oikeus peri\u00e4 jopa kaksinkertainen siivouskorvaus. Palveluntarjoaja ei vastaa huoneistoon j\u00e4tetyist\u00e4 tavaroista.<\/p>\n\n\n\n<h2 class=\"wp-block-heading\">**HENKIL\u00d6M\u00c4\u00c4R\u00c4**<\/h2>\n\n\n\n<p>Lomakohdetta ei saa k\u00e4ytt\u00e4\u00e4 useampi henkil\u00f6 kuin mik\u00e4 on sen kohdekuvauksessa ilmoitettu vuodepaikkojen m\u00e4\u00e4r\u00e4. Teltan, asuntoauton tai asuntovaunun k\u00e4ytt\u00f6 lomatontilla ilman lupaa on kielletty.<\/p>\n\n\n\n<h2 class=\"wp-block-heading\">**HUOMAUTUKSET**<\/h2>\n\n\n\n<p>Asiakas on velvollinen tekem\u00e4\u00e4n v\u00e4litt\u00f6m\u00e4sti palveluntarjoajalle tai t\u00e4m\u00e4n edustajalle huomautuksen mahdollisista puutteista, niin palvelun kuin asunnonkin osalta. T\u00e4ll\u00f6in ne voidaan mahdollisuuksien mukaan korjata tai kompensoida jo majoituksen aikana.<\/p>\n\n\n\n<p>Mik\u00e4li asiakas ei ole vuokrausaikana ollut yhteydess\u00e4 mahdollisista ep\u00e4kohdista palveluntarjoajaan, h\u00e4n menett\u00e4\u00e4 oikeuden mahdollisiin hyvityksiin.<\/p>\n\n\n\n<p>Mik\u00e4li huomautuksen kohteena olevaan asiaan ei tule tyydytt\u00e4v\u00e4\u00e4 ratkaisua vuokrausaikana, voi kirjallisen huomautuksen l\u00e4hett\u00e4\u00e4 palveluntarjoajalle viikon kuluessa majoitusvarauksen p\u00e4\u00e4ttymisest\u00e4.<\/p>\n\n\n\n<h2 class=\"wp-block-heading\">**H\u00c4IRI\u00d6TILANTEET**<\/h2>\n\n\n\n<p>Palveluntarjoajalla tai t\u00e4m\u00e4n edustajalla on oikeus purkaa vuokrasopimus v\u00e4litt\u00f6m\u00e4sti, mik\u00e4li asiakas ei huomautuksesta huolimatta lakkaa aiheuttamasta h\u00e4iri\u00f6t\u00e4 samassa tai naapurikiinteist\u00f6ss\u00e4 oleville asukkaille tai muutoin rikkoo sovittuja asumisk\u00e4yt\u00e4nt\u00f6j\u00e4. Asiakas maksaa toimenpiteist\u00e4 aiheutuneet kulut (esim. vartiointiliikkeen veloittama k\u00e4yntikorvaus).<\/p>\n\n\n\n<p>Palveluntarjoaja ei ole velvollinen korvaamaan luonnonolosuhteista, hy\u00f6nteisist\u00e4, muurahaisista, jyrsij\u00f6ist\u00e4, odottamattomista s\u00e4\u00e4nvaihteluista, rakennust\u00f6ist\u00e4 tai rakennelmista naapuritonteilla, omistajan tekemist\u00e4 varustelu- tai muista muutoksista, joita ei ole ilmoitettu palveluntarjoajalle tai kolmannen osapuolen aiheuttamista ongelmista (esim. katkokset vesi-, s\u00e4hk\u00f6- tai tv-verkossa) asiakkaalle mahdollisesti aiheutuvaa haittaa tai kuluja.<\/p>\n\n\n\n<h2 class=\"wp-block-heading\">**VAHINGONKORVAUKSET**<\/h2>\n\n\n\n<p>Palveluntarjoaja ei ole vastuussa vahingosta, joka aiheutuu ylivoimaisesta esteest\u00e4 tai muusta ennalta arvaamattomasta syyst\u00e4, jota palveluntarjoaja tai apuna k\u00e4ytetty elinkeinonharjoittaja ei olisi voinut est\u00e4\u00e4 mahdollisimman huolellisesti menetelty\u00e4\u00e4nk\u00e4\u00e4n.<\/p>\n\n\n\n<p>Palveluntarjoajan on ilmoitettava asiakkaalle esteest\u00e4 viipym\u00e4tt\u00e4 ja pyritt\u00e4v\u00e4 toimimaan niin, ett\u00e4 asiakkaan k\u00e4rsim\u00e4 vahinko j\u00e4\u00e4 mahdollisimman pieneksi.<\/p>\n\n\n\n<p>Asiakkaan on noudatettava palvelun k\u00e4ytt\u00e4miseen liittyvi\u00e4 palveluntarjoajan antamia ohjeita ja m\u00e4\u00e4r\u00e4yksi\u00e4, sek\u00e4 asiakas on vastuussa vahingoista, jotka aiheuttaa yritt\u00e4j\u00e4lle tai kolmansille osapuolille.<\/p>\n\n\n\n<p>Asiakas on velvollinen huolehtimaan siit\u00e4, ett\u00e4 h\u00e4nell\u00e4 on palvelun k\u00e4ytt\u00e4misen edellytt\u00e4m\u00e4t voimassaolevat asiakirjat.<\/p>\n\n\n\n<p>Jos asiakas ei k\u00e4yt\u00e4 kaikkia sovittuja palveluja tai k\u00e4ytt\u00e4\u00e4 niit\u00e4 vain osittain, h\u00e4nell\u00e4 ei ole t\u00e4ll\u00e4 perusteella oikeutta hinnan alennukseen tai maksun palautukseen.<\/p>\n\n\n\n<p>Asiakas on velvollinen korvaamaan lomakohteelle tai sen irtaimistolle aiheuttamansa vahingon suoraan kohteen omistajalle palveluntarjoajan kautta.<\/p>\n\n\n\n<h2 class=\"wp-block-heading\">**TUPAKOINTI JA LEMMIKIT**<\/h2>\n\n\n\n<p>Tupakointi on sallittu vain lomakohteen ulkopuolella ja siihen varatulla paikalla.<\/p>\n\n\n\n<p>Lemmikkej\u00e4 lomakohteisiin ei saa tuoda, ellei toisin mainita. Lemmikist\u00e4 perit\u00e4\u00e4n erillinen 25\u20ac suuruinen lis\u00e4maksu, ja suositellaan suojaamaan tarvittaessa huonekalut. Kohteen ylim\u00e4\u00e4r\u00e4isen kulumisen vuoksi sek\u00e4 tarkempien siivousk\u00e4yt\u00e4nt\u00f6jen perusteella. Lemmikkien tekemist\u00e4 vahingoista vastaa lemmikin omistaja.<\/p>\n\n\n\n<p>Palveluntarjoaja ei vastaa luvattomasta tupakoinnista tai el\u00e4inp\u00f6lyst\u00e4 aiheutuneista allergia tms. ongelmista asiakkaille.<\/p>\n\n\n\n<h2 class=\"wp-block-heading\">**PALJUT JA UIMA-ALTAAT KIELLETTY**<\/h2>\n\n\n\n<p>Runsaan veden ja polttopuiden kulutuksen vuoksi kaikenlaiset itse tuodut tai vuokrattavat paljut ja uima- altaat ovat kiellettyj\u00e4 loma-asuntojen ja huoneistojen tonteilla. Ne aiheuttavat my\u00f6s h\u00e4iri\u00f6t\u00e4 naapureille ja tyhjennysvesi aiheuttaa eroosiota ja liukkautta. Mik\u00e4li loma-asunnossa on palju vakiovarusteena asukkaiden k\u00e4yt\u00f6ss\u00e4, t\u00e4ll\u00f6in sen k\u00e4ytt\u00f6korvaus sis\u00e4ltyy asunnon vuokraan ja siit\u00e4 on maininta asunnon kohdekuvauksessa.<\/p>\n\n\n\n<p>Luvattomasta paljun tai uima-altaan k\u00e4yt\u00f6st\u00e4 perit\u00e4\u00e4n 500\u20ac suuruinen sakkomaksu.<\/p>\n\n\n\n<p>RUKAKO Oy Keskusvaraamo ei vastaa painovirheist\u00e4, eik\u00e4 painamisen j\u00e4lkeen tulleista muutoksista. Oikeudet hinnan muutoksiin pid\u00e4tet\u00e4\u00e4n.<\/p>\n","protected":false},"excerpt":{"rendered":"<p>RUKAKO KESKUSVARAAMON PALVELUJA KOSKEVAT VARAUSEHDOT N\u00e4m\u00e4 varausehdot tulevat kumpaakin osapuolta sitoviksi, kun asiakas on tehnyt varauksen. **VARAAMINEN JA MAKSUEHDOT** Varaajan tulee olla 18-vuotta t\u00e4ytt\u00e4nyt ja t\u00e4ysi-valtainen vastuuhenkil\u00f6\/-majoittuja. Ilman huoltajaa majoittuvilta alaik\u00e4isilt\u00e4 vaaditaan huoltajan kirjallinen sitoumus, joka toimitetaan palveluntarjoajalle v\u00e4hint\u00e4\u00e4n 14 p\u00e4iv\u00e4\u00e4 ennen majoituksen alkua. Tehty\u00e4\u00e4n varauksen asiakkaan tulee maksaa ennakkolasku jos varauksen alkuun on enemm\u00e4n [&hellip;]<\/p>\n","protected":false},"author":1,"featured_media":0,"parent":0,"menu_order":0,"comment_status":"closed","ping_status":"closed","template":"","meta":{"footnotes":""},"class_list":["post-1686","page","type-page","status-publish","hentry"],"yoast_head":"<title>Varausehdot\u00a0 - M\u00f6kkien ja huoneistojen keskusvaraamo, Ruka<\/title>\n<meta name=\"robots\" content=\"index, follow, max-snippet:-1, max-image-preview:large, max-video-preview:-1\" \/>\n<link rel=\"canonical\" href=\"https:\/\/www.davas.site\/rukako\/varausehdot\/\" \/>\n<meta property=\"og:locale\" content=\"fi_FI\" \/>\n<meta property=\"og:type\" content=\"article\" \/>\n<meta property=\"og:title\" content=\"Varausehdot\u00a0 - M\u00f6kkien ja huoneistojen keskusvaraamo, Ruka\" \/>\n<meta property=\"og:description\" content=\"RUKAKO KESKUSVARAAMON PALVELUJA KOSKEVAT VARAUSEHDOT N\u00e4m\u00e4 varausehdot tulevat kumpaakin osapuolta sitoviksi, kun asiakas on tehnyt varauksen. **VARAAMINEN JA MAKSUEHDOT** Varaajan tulee olla 18-vuotta t\u00e4ytt\u00e4nyt ja t\u00e4ysi-valtainen vastuuhenkil\u00f6\/-majoittuja. Ilman huoltajaa majoittuvilta alaik\u00e4isilt\u00e4 vaaditaan huoltajan kirjallinen sitoumus, joka toimitetaan palveluntarjoajalle v\u00e4hint\u00e4\u00e4n 14 p\u00e4iv\u00e4\u00e4 ennen majoituksen alkua. Tehty\u00e4\u00e4n varauksen asiakkaan tulee maksaa ennakkolasku jos varauksen alkuun on enemm\u00e4n [&hellip;]\" \/>\n<meta property=\"og:url\" content=\"https:\/\/www.davas.site\/rukako\/varausehdot\/\" \/>\n<meta property=\"og:site_name\" content=\"M\u00f6kkien ja huoneistojen keskusvaraamo, Ruka\" \/>\n<meta property=\"article:modified_time\" content=\"2025-03-04T09:00:29+00:00\" \/>\n<meta name=\"twitter:card\" content=\"summary_large_image\" \/>\n<meta name=\"twitter:label1\" content=\"Arvioitu lukuaika\" \/>\n\t<meta name=\"twitter:data1\" content=\"5 minuuttia\" \/>\n<script type=\"application\/ld+json\" class=\"yoast-schema-graph\">{\"@context\":\"https:\/\/schema.org\",\"@graph\":[{\"@type\":\"WebPage\",\"@id\":\"https:\/\/www.davas.site\/rukako\/varausehdot\/\",\"url\":\"https:\/\/www.davas.site\/rukako\/varausehdot\/\",\"name\":\"Varausehdot\u00a0 - M\u00f6kkien ja huoneistojen keskusvaraamo, Ruka\",\"isPartOf\":{\"@id\":\"https:\/\/www.davas.site\/rukako\/#website\"},\"datePublished\":\"2024-11-04T10:28:21+00:00\",\"dateModified\":\"2025-03-04T09:00:29+00:00\",\"breadcrumb\":{\"@id\":\"https:\/\/www.davas.site\/rukako\/varausehdot\/#breadcrumb\"},\"inLanguage\":\"fi\",\"potentialAction\":[{\"@type\":\"ReadAction\",\"target\":[\"https:\/\/www.davas.site\/rukako\/varausehdot\/\"]}]},{\"@type\":\"BreadcrumbList\",\"@id\":\"https:\/\/www.davas.site\/rukako\/varausehdot\/#breadcrumb\",\"itemListElement\":[{\"@type\":\"ListItem\",\"position\":1,\"name\":\"Etusivu\",\"item\":\"https:\/\/www.davas.site\/rukako\/\"},{\"@type\":\"ListItem\",\"position\":2,\"name\":\"Varausehdot\u00a0\"}]},{\"@type\":\"WebSite\",\"@id\":\"https:\/\/www.davas.site\/rukako\/#website\",\"url\":\"https:\/\/www.davas.site\/rukako\/\",\"name\":\"M\u00f6kkien ja huoneistojen keskusvaraamo, Ruka\",\"description\":\"Noin 130 kohdetta Rukan alueella\",\"potentialAction\":[{\"@type\":\"SearchAction\",\"target\":{\"@type\":\"EntryPoint\",\"urlTemplate\":\"https:\/\/www.davas.site\/rukako\/?s={search_term_string}\"},\"query-input\":{\"@type\":\"PropertyValueSpecification\",\"valueRequired\":true,\"valueName\":\"search_term_string\"}}],\"inLanguage\":\"fi\"}]}<\/script>","yoast_head_json":{"title":"Varausehdot\u00a0 - M\u00f6kkien ja huoneistojen keskusvaraamo, Ruka","robots":{"index":"index","follow":"follow","max-snippet":"max-snippet:-1","max-image-preview":"max-image-preview:large","max-video-preview":"max-video-preview:-1"},"canonical":"https:\/\/www.davas.site\/rukako\/varausehdot\/","og_locale":"fi_FI","og_type":"article","og_title":"Varausehdot\u00a0 - M\u00f6kkien ja huoneistojen keskusvaraamo, Ruka","og_description":"RUKAKO KESKUSVARAAMON PALVELUJA KOSKEVAT VARAUSEHDOT N\u00e4m\u00e4 varausehdot tulevat kumpaakin osapuolta sitoviksi, kun asiakas on tehnyt varauksen. **VARAAMINEN JA MAKSUEHDOT** Varaajan tulee olla 18-vuotta t\u00e4ytt\u00e4nyt ja t\u00e4ysi-valtainen vastuuhenkil\u00f6\/-majoittuja. Ilman huoltajaa majoittuvilta alaik\u00e4isilt\u00e4 vaaditaan huoltajan kirjallinen sitoumus, joka toimitetaan palveluntarjoajalle v\u00e4hint\u00e4\u00e4n 14 p\u00e4iv\u00e4\u00e4 ennen majoituksen alkua. Tehty\u00e4\u00e4n varauksen asiakkaan tulee maksaa ennakkolasku jos varauksen alkuun on enemm\u00e4n [&hellip;]","og_url":"https:\/\/www.davas.site\/rukako\/varausehdot\/","og_site_name":"M\u00f6kkien ja huoneistojen keskusvaraamo, Ruka","article_modified_time":"2025-03-04T09:00:29+00:00","twitter_card":"summary_large_image","twitter_misc":{"Arvioitu lukuaika":"5 minuuttia"},"schema":{"@context":"https:\/\/schema.org","@graph":[{"@type":"WebPage","@id":"https:\/\/www.davas.site\/rukako\/varausehdot\/","url":"https:\/\/www.davas.site\/rukako\/varausehdot\/","name":"Varausehdot\u00a0 - M\u00f6kkien ja huoneistojen keskusvaraamo, Ruka","isPartOf":{"@id":"https:\/\/www.davas.site\/rukako\/#website"},"datePublished":"2024-11-04T10:28:21+00:00","dateModified":"2025-03-04T09:00:29+00:00","breadcrumb":{"@id":"https:\/\/www.davas.site\/rukako\/varausehdot\/#breadcrumb"},"inLanguage":"fi","potentialAction":[{"@type":"ReadAction","target":["https:\/\/www.davas.site\/rukako\/varausehdot\/"]}]},{"@type":"BreadcrumbList","@id":"https:\/\/www.davas.site\/rukako\/varausehdot\/#breadcrumb","itemListElement":[{"@type":"ListItem","position":1,"name":"Etusivu","item":"https:\/\/www.davas.site\/rukako\/"},{"@type":"ListItem","position":2,"name":"Varausehdot\u00a0"}]},{"@type":"WebSite","@id":"https:\/\/www.davas.site\/rukako\/#website","url":"https:\/\/www.davas.site\/rukako\/","name":"M\u00f6kkien ja huoneistojen keskusvaraamo, Ruka","description":"Noin 130 kohdetta Rukan alueella","potentialAction":[{"@type":"SearchAction","target":{"@type":"EntryPoint","urlTemplate":"https:\/\/www.davas.site\/rukako\/?s={search_term_string}"},"query-input":{"@type":"PropertyValueSpecification","valueRequired":true,"valueName":"search_term_string"}}],"inLanguage":"fi"}]}},"publishpress_future_action":{"enabled":false,"date":"2026-05-07 20:44:15","action":"change-status","newStatus":"draft","terms":[],"taxonomy":"translation_priority","extraData":[]},"publishpress_future_workflow_manual_trigger":{"enabledWorkflows":[]},"_links":{"self":[{"href":"https:\/\/www.davas.site\/rukako\/wp-json\/wp\/v2\/pages\/1686","targetHints":{"allow":["GET"]}}],"collection":[{"href":"https:\/\/www.davas.site\/rukako\/wp-json\/wp\/v2\/pages"}],"about":[{"href":"https:\/\/www.davas.site\/rukako\/wp-json\/wp\/v2\/types\/page"}],"author":[{"embeddable":true,"href":"https:\/\/www.davas.site\/rukako\/wp-json\/wp\/v2\/users\/1"}],"replies":[{"embeddable":true,"href":"https:\/\/www.davas.site\/rukako\/wp-json\/wp\/v2\/comments?post=1686"}],"version-history":[{"count":0,"href":"https:\/\/www.davas.site\/rukako\/wp-json\/wp\/v2\/pages\/1686\/revisions"}],"wp:attachment":[{"href":"https:\/\/www.davas.site\/rukako\/wp-json\/wp\/v2\/media?parent=1686"}],"curies":[{"name":"wp","href":"https:\/\/api.w.org\/{rel}","templated":true}]}}